-19 + 7. Let i(f) = f**2 - 2*f + 1. Give i(d).
9
Suppose 10 = 7*r - 2*r. Let i = 24 - 17. Suppose -r*v - i = -1. Let g(h) = h**2 + h - 2. Determine g(v).
4
Let n(o) = 19*o**2 - 33*o - 5. Let d(s) = -27*s**2 + 34*s + 3. Let m(j) = -3*d(j) - 4*n(j). Determine m(-6).
11
Let m(i) = -164*i**3 + 10 + 324*i**3 + 9*i**2 + 4 - 159*i**3 - 21*i. Determine m(-11).
3
Let v(a) = -a**2 + 10*a - 19. Suppose 14 = 2*h + 4*x, h + 25*x = 26*x + 1. Calculate v(h).
2
Let h(p) = -p**2 - 4. Let b(q) be the first derivative of -q**2/2 - 15*q - 323. Suppose 0 = 4*t + 30 + 30. Let a be b(t). What is h(a)?
-4
Let w(i) be the first derivative of 5*i**3/3 + 6*i - 606. What is w(-2)?
26
Suppose 40 = -2*b - 19*a + 106, -3*b - a - 11 = 0. Let s(i) be the first derivative of -i**3/3 - 3*i**2/2 + 4*i - 1. Determine s(b).
-6
Let b(z) = -2 - 1 - 2*z**2 + 0 - 15*z. Let m(u) = 19*u**3 + 171*u**2 + 23*u + 199. Let g be m(-9). Give b(g).
-11
Let v(g) = -27*g**3 - 79*g**2 - 3*g + 56. Let a(k) = 10*k**3 + 27*k**2 + k - 19. Let p(c) = -8*a(c) - 3*v(c). Determine p(-21).
-37
Let i(c) be the third derivative of c**5/120 + c**4/3 - 5*c**3/3 + 41*c**2. Let t(q) be the first derivative of i(q). Give t(-7).
1
Let q(l) = 3*l**2 - 995811*l - 1 + 995810*l + 0. Give q(-3).
29
Suppose -23 = 9*z + 22. Let r(c) be the first derivative of c**3/3 - 4*c - 114. Calculate r(z).
21
Let g(b) = -12*b + 10*b + 4*b**3 - b**3 - 4*b**2 + 1 + 6*b**2. Suppose -10 = -s + 2. Let r = s + -11. What is g(r)?
4
Let o be 150/8*32/24. Let f(k) = -2*k + 84 - 27 - o - 24. Determine f(0).
8
Let j(u) be the second derivative of u**5/60 - 7*u**4/24 - u**3/3 - 59*u**2 - 79*u. Let w(l) be the first derivative of j(l). Calculate w(5).
-12
Let u(h) = h**3 - 6*h**2 - 4*h + 3. Let y be 77 + (-1 - (-3 + 6)). Let x(p) = -8*p - 10. Let b be x(7). Let t = y + b. Determine u(t).
24
Let z(q) = 7*q**3 + 6*q - 5. Let w(d) be the first derivative of d**4/2 + d**2/2 - 2*d - 124. Let u(p) = -4*w(p) + z(p). Give u(-2).
7
Let o(g) be the third derivative of -g**6/120 - g**5/12 + g**4/24 + 5*g**3/6 - 109*g**2. Suppose -3*c - 21 = -3*h, 6 = 4*c - 3*h + 32. What is o(c)?
0
Let q(u) = 5*u - 1. Suppose -7 = -2*z + 2*r + 15, 4*r - 26 = -3*z. Let w be 5/(z*2/16*2). Give q(w).
9
Let c(n) = 4*n**3 - 7*n + 6. Let m(u) be the third derivative of u**6/40 + u**5/60 - u**4/4 + u**3 - 53*u**2. Let f(h) = -4*c(h) + 5*m(h). What is f(4)?
14
Let v(u) = -69*u - 4603. Let c be v(-67). Let m(k) = k**3 - 19*k**2 - 18*k - 25. Calculate m(c).
15
Let w(z) = -48 + 30*z**2 + 27*z + 15*z + 155 - 8*z - 31*z**2. Calculate w(37).
-4
Let m(f) = -9*f**3 + 5*f**2 + 9*f - 7. Let s(l) be the first derivative of 11*l**4/4 - 5*l**3/3 - 9*l**2/2 + 8*l - 49. Let t(k) = 5*m(k) + 4*s(k). What is t(6)?
15
Let y(p) = 4*p + 4. Let t(v) = 1. Let a(r) = -6*t(r) + y(r). Suppose -114 = -139*q - 16*q + 351. What is a(q)?
10
Suppose 21*r - 77*r + 795 = -493. Let x(f) = f**3 - 25*f**2 + 45*f + 29. Calculate x(r).
6
Let g(v) = v**2 + 4*v - 6. Let w be g(-6). Let o(a) be the first derivative of -a**4/4 + 2*a**3 - a**2 + 4*a + 29263. Calculate o(w).
-8
Let d(w) be the first derivative of w**3/3 - 18*w**2 + 67*w - 570. What is d(35)?
32
Let f(w) = 2*w**2 + 2*w - 2. Let q(h) = h**3 - 38*h**2 + 36*h + 66. Let p be q(37). Suppose 6 = -23*g + p. What is f(g)?
2
Let q be 1/(3 + (-284)/94). Suppose -9*g = -6*g - 147. Let n = g + q. Let h(r) = -3*r**2 - r + 2. What is h(n)?
-12
Let y = 1390/29 + -11091/232. Let w(x) be the third derivative of -y*x**4 + 0*x + 1/120*x**6 + 0 + 9*x**2 + 1/12*x**5 - x**3. Give w(-5).
9
Let u(z) be the third derivative of -z**6/60 + z**3/6 + 2*z**2 - 2009. What is u(-2)?
17
Let p(s) be the third derivative of s**5/60 - 7*s**4/24 + s**3 - 8*s**2 + 11*s. Suppose 0 = -8*l + 4*l + 16. Let r = 10 - l. Determine p(r).
0
Suppose -5*k + 0*k = 0. Suppose -3*r + 8 + 1 = k. Let p(j) = 104*j**3 - j**2 - 206*j**3 - 4 + 0*j**2 - j**2 + 103*j**3. What is p(r)?
5
Suppose 0 = -5*d - 23 + 38. Let q(v) = 51399*v + 4 - 51397*v + d. What is q(3)?
13
Let k(h) be the second derivative of -h**4/12 - 35*h**3/6 + 70*h**2 + 7014*h. What is k(-39)?
-16
Let d(b) = b**3 + 8*b**2 + 7*b + 2. Let g = 5 + -2. Suppose -82 = -2*i - 5*j, j - 3*j = -g*i + 85. Let l = -38 + i. What is d(l)?
2
Let u(r) be the first derivative of -r**4/2 + 28*r**3/3 + 3*r**2 - 14*r - 5637. Determine u(14).
70
Let t be ((-8)/(-10))/(2/25). Suppose 0 = 67*d - 62*d + t. Let g(q) = 2*q**3 + 4*q**2 + 3*q. Give g(d).
-6
Let w(d) = -13*d - 19. Let b be (3/(-15))/(16/496) + 32/(-40). Give w(b).
72
Let v(t) = 617*t - 167. Let z(o) = -352*o + 84. Let q(k) = 4*v(k) + 7*z(k). What is q(22)?
8
Let f(o) = -o**2 + 7*o + 3. Suppose 5*b + q + 1415 + 260 = 0, -15 = -3*q. Let u = b - -342. Determine f(u).
9
Suppose 27 = 5*g + 7. Let z(x) = 2 + 3*x - 7*x**3 + 8*x**3 + 148*x**2 - 153*x**2. Give z(g).
-2
Let a(r) be the second derivative of -r**4/3 + 13*r**3/2 - 43*r**2 + 11065*r. Determine a(4).
6
Let w(y) be the first derivative of y**6/360 + y**5/120 + y**4/24 + 5*y**3/3 - 6. Let p(o) be the third derivative of w(o). Let k = -27 + 24. Calculate p(k).
7
Let y be (2 + 8)*(-35)/70. Let x(v) = 13*v + 94. Calculate x(y).
29
Let w(y) = -y**3 - 7*y**2 + 9*y + 3. Let z be (-348)/145*(-10)/4. Let o be 2 + 0 - 4 - z. Calculate w(o).
-5
Let c be ((-10)/20)/((-5)/50). Let x be (0 - 0)/(10 - 4 - c). Let h(z) = z**3 - z**2 - z + 49. Give h(x).
49
Let j(r) be the third derivative of -r**5/60 - r**4/6 + 5*r**3/3 + 3976*r**2. Determine j(-7).
-11
Suppose 21*f - 705 = -26*f. Let s(d) = -3*d + 11. Give s(f).
-34
Let b(n) = 22*n - 680. Let p(w) = 33. Let x(h) = -b(h) - 26*p(h). Determine x(-8).
-2
Suppose 118*i = 151*i - 429. Let n(s) = 15*s**2 - 3*s + 26. Let v(g) = -7*g**2 + g - 12. Let d(x) = i*v(x) + 6*n(x). Calculate d(-4).
4
Let r(o) = o + 2. Let a = 578 - 574. Let x be r(a). Let u(t) be the second derivative of -t**3/2 + 9*t**2/2 + t. Calculate u(x).
-9
Let r(u) be the first derivative of -u**2/2 + u + 2. Let g(c) = -c**2 - 12*c + 16. Let s be g(-11). Let w be (-8)/(-6) + -7 + 207/s. Determine r(w).
-1
Let z = -7425 - -7419. Let k(i) be the second derivative of -i**5/20 - 5*i**4/12 + 5*i**3/6 + 21*i. What is k(z)?
6
Suppose 3*i - 9 = 3, -4*i = 3*d - 184. Let y = d + -30. Let b(s) = 5*s - y*s + 7*s + 8*s - s**2 - 2. What is b(-5)?
3
Let n = -21563 - -21544. Let x(u) = u**3 + 21*u**2 + 40*u + 44. What is x(n)?
6
Let j(n) = -n + 1. Let k be 2 + 1 - 0 - (-1 - 1). Let d be -1 - (k + -3) - (4 - 47). Let m be ((-4)/10)/((-16)/d*1). Give j(m).
0
Suppose -2*c + 48 = -419*j + 421*j, 4*c - 32 = 0. Let t(r) = -12 - 4 - 7 + r. Calculate t(j).
-7
Let j(b) = 0 - 3*b + 16*b - 7*b**2 + 2. Suppose 5*q + 180 = 35*q. Let d(c) = -6*c**2 + 12*c + 1. Let f(n) = q*d(n) - 5*j(n). Determine f(5).
6
Let m(n) = -17*n - 249 + 240 - 6. What is m(3)?
-66
Suppose -c + 0*c = -3. Suppose -18*q = -16398 + 2376. Let p(u) = -u**3 - 777*u + u**2 + u**2 + q*u. Give p(c).
-3
Let n be 1 + (0 - 0) + -7. Let u(t) be the third derivative of t**6/120 + 7*t**5/60 + 3*t**4/8 + 7*t**3/6 - 41*t**2 - 978*t. Determine u(n).
-11
Let n(t) = -9*t - 31. Let c = 16 + -12. Let p(a) = -5*a - 16. Let d(z) = c*n(z) - 7*p(z). What is d(-6)?
-6
Let k(r) = r**2 - 10*r - 1. Let z(a) = -a**2 + 9*a. Let o(w) = -2*w**3 + 65*w**2 + 35*w - 69. Let b be o(33). Let d(g) = b*k(g) - 4*z(g). What is d(5)?
-2
Let k(y) = -62 - 124 - y**3 + 14*y**2 - y + 176. Determine k(14).
-24
Let f(z) = z**2 - 6*z - 12. Let l(t) = -2*t**2 - 42*t + 97. Let q be l(-23). What is f(q)?
-17
Let k(z) = -5*z - 35. Let p(l) = -2*l**2 - 116*l - 230. Let x be p(-56). What is k(x)?
-5
Let d(s) = -s**3 + 30*s**2 + 116*s + 95. Let c be d(-2). Let r(m) be the second derivative of -m**5/20 - 2*m**4/3 + 11*m**3/6 + 5*m**2/2 + 2*m. Calculate r(c).
-13
Let o(l) = 7*l + 2. Suppose 99 = -12*v + 21*v. Let k(c) be the second derivative of -35*c**3/6 - 11*c**2/2 + 3*c. Let a(m) = v*o(m) + 2*k(m). Determine a(1).
7
Let u(v) = -3*v - 8. Suppose -126*c - 1290 = -123*c. Let z = c + 424. What is u(z)?
10
Suppose u + 3*u = -f - 3, 5*u = 2*f - 7. Let w(q) = f - q**2 - 4*q - 3 + 7 - 4 - 4. Give w(-3).
0
Let t(f) = 12*f**2 + 15*f + 20. Let m(k) = -17*k**2 - 21*k - 30. Let s(v) = 5*m(v) + 7*t(v). Determine s(0).
-10
Let g(b) = -94157*b + 6 + 47084*b + 47074*b - 8 - 10. Let a be (-1